{"id":3098,"date":"2024-01-09T14:27:39","date_gmt":"2024-01-09T14:27:39","guid":{"rendered":"https:\/\/healthificraft.techweiler.com\/?page_id=3098"},"modified":"2024-02-20T17:10:28","modified_gmt":"2024-02-20T17:10:28","slug":"ueber-uns","status":"publish","type":"page","link":"https:\/\/healthificraft.com\/website\/de\/ueber-uns\/","title":{"rendered":"\u00dcber uns"},"content":{"rendered":"<div class=\"wpb-content-wrapper\"><p>[vc_section section_type=&#8221;hero&#8221; hero_type=&#8221;9&#8243; parallax_image_attachment=&#8221;scroll&#8221; padding_bottom=&#8221;pb-0&#8243; padding_class=&#8221;&#8221; margin_bottom=&#8221;mb-100&#8243;][vc_row][vc_column width=&#8221;5\/12&#8243;]\r\n        <div class=\"text-center hero-9-img\"> \r\n        <img decoding=\"async\" class=\"vc_single_image-img img-fluid\"  src=\"https:\/\/healthificraft.com\/website\/wp-content\/uploads\/2023\/12\/handshake-businessmen-removebg-preview-e1701903808989.png\" alt=\"External image\" \/>\r\n        <\/div>[\/vc_column][vc_column width=&#8221;1\/12&#8243;][\/vc_column][vc_column width=&#8221;1\/2&#8243;]\r\n        <div class=\"pr-90  hero-txt white-color\"> \r\n            \r\n                     \r\n            <h2 class=\"Default h2-xs none\">Wer sind wir<\/h2>\r\n            <p class=\"p-md\">Healthificraft ist die ultimative Gesundheits-App, die Sie zur Verbesserung Ihrer k\u00f6rperlichen und<br \/>\ngeistigen Gesundheit ben\u00f6tigen. Es ist ein Produkt der Zusammenarbeit zwischen ArtifiCraft und<br \/>\nTechweiler, zwei Unternehmen, die die Vision teilen, Softwarel\u00f6sungen zu entwickeln, die Ihren<br \/>\nBed\u00fcrfnissen entsprechen und Ihre Erwartungen \u00fcbertreffen. Laden Sie Healthificraft noch heute<br \/>\nherunter und beginnen Sie Ihre Gesundheitsreise mit uns.<\/p> \r\n            \r\n                        \r\n            \r\n                        \r\n                        \r\n                  \r\n        <\/div>[\/vc_column][\/vc_row][\/vc_section][vc_section parallax_image_attachment=&#8221;inherit&#8221; margin_top=&#8221;mt-0&#8243;][vc_row][vc_column width=&#8221;1\/12&#8243;][\/vc_column][vc_column width=&#8221;7\/12&#8243;][vc_custom_heading text=&#8221;ArtifiCraft GmbH&#8221; font_container=&#8221;tag:h3|text_align:justify|color:black-color&#8221;][vc_column_text]Die ArtifiCraft GmbH wurde als IT- und Softwareunternehmen in M\u00fcnchen gegr\u00fcndet. Unser Gesch\u00e4ftsmodell basiert auf der Bereitstellung von Softwareprodukten, die mithilfe neuer Technologien die Anforderungen unserer Kunden erf\u00fcllen. Basierend auf der wachsenden Nachfrage nach Software, mobilen Anwendungen und Websites auf dem Markt. Es besteht ein gro\u00dfer Bedarf an leistungsstarken und effizienten Produkten, um durch die Integration maschineller Lerntechnologien zukunftsf\u00e4hig zu sein.<\/p>\n<p>Zus\u00e4tzlich zur Softwarebereitstellung hat das Unternehmen einen gro\u00dfen Teil seiner Verm\u00f6genswerte in die Entwicklung intelligenter medizinischer Systeme investiert, um komplexe medizinische Prozesse zu vereinfachen und den Papieraufwand zu minimieren.[\/vc_column_text][\/vc_column][vc_column width=&#8221;1\/4&#8243;]<a href=\"https:\/\/www.artificraft.com\/\" target=\"_blank\" class=\"vc_single_image-wrapper  \"><img decoding=\"async\" class=\"vc_single_image-img img-fluid\"  src=\"https:\/\/healthificraft.com\/website\/wp-content\/uploads\/2023\/12\/Artificraft-Logo.png\" alt=\"External image\" \/><\/a>[\/vc_column][vc_column width=&#8221;1\/12&#8243;][\/vc_column][\/vc_row][\/vc_section][vc_section parallax_image_attachment=&#8221;inherit&#8221; margin_top=&#8221;mt-0&#8243;][vc_row][vc_column width=&#8221;1\/12&#8243;][\/vc_column][vc_column width=&#8221;1\/4&#8243;]<a href=\"https:\/\/techweiler.com\/\" target=\"_blank\" class=\"vc_single_image-wrapper  \"><img decoding=\"async\" class=\"vc_single_image-img img-fluid\"  src=\"https:\/\/healthificraft.com\/website\/wp-content\/uploads\/2023\/12\/LOGO-PNG-1.png\" alt=\"External image\" \/><\/a>[\/vc_column][vc_column width=&#8221;7\/12&#8243;][vc_custom_heading text=&#8221;Techweiler Software&#8221; font_container=&#8221;tag:h3|text_align:justify|color:black-color&#8221;][vc_column_text]Wir sind ein Team aus erfahrenen Business-Analysten, Designern und Entwicklern, dass sich ausschlie\u00dflich auf die Bereitstellung individuell gestalteter web- und app-basierter Softwarel\u00f6sungen konzentriert, die einzigartige gesch\u00e4ftliche Herausforderungen meistern und das Engagement des Publikums f\u00f6rdern. Unser Team besteht aus Personen, die \u00fcber einen gro\u00dfen Erfahrungsschatz und Fachwissen verf\u00fcgen. Dadurch sind wir bestens ger\u00fcstet, um avantgardistische L\u00f6sungen anzubieten, die auf die besonderen Bed\u00fcrfnisse unserer Kunden entwickelt sind.<\/p>\n<p>Sei es die Entwicklung einer neuen Anwendung von Grund auf oder die Verbesserung einer bestehenden Website, unser Team arbeitet eng mit unseren Kunden zusammen, um sicherzustellen, dass unsere L\u00f6sungen auf ihre spezifischen Anforderungen entwickelt sind. Wir verf\u00fcgen \u00fcber eine nachgewiesene Erfolgsbilanz bei der Bereitstellung erstklassiger L\u00f6sungen und setzen uns unerm\u00fcdlich daf\u00fcr ein, Unternehmen dabei zu helfen, ihre Ziele zu erreichen und der Konkurrenz immer einen Schritt voraus zu sein.[\/vc_column_text][\/vc_column][vc_column width=&#8221;1\/12&#8243;][\/vc_column][\/vc_row][\/vc_section][vc_section section_type=&#8221;download&#8221; download_type=&#8221;4&#8243; bg_class=&#8221;bg-tra&#8221; parallax_image_attachment=&#8221;scroll&#8221; padding_top=&#8221;pt-100&#8243; padding_class=&#8221;&#8221; el_class=&#8221;bg-image download-section&#8221;][vc_row][vc_column width=&#8221;1\/6&#8243;][\/vc_column][vc_column width=&#8221;2\/3&#8243; column_inner_style=&#8221;download-img&#8221; download_img_type=&#8221;5&#8243;]\r\n        <div class=\"mb-40  download-txt white-color mb-40\"> \r\n        \t            \r\n            <h3 class=\"Default h3-xl none  wow perch-fadeInUp fadeInUp\" data-wow-delay=\"300ms\" data-wow-duration=\"1200ms\">Zusammen,<\/h3>\r\n            <p class=\"Default none  wow perch-fadeInUp fadeInUp\" data-wow-delay=\"400ms\" data-wow-duration=\"1200ms\">ArtifiCraft und Techweiler wollen eine Gesundheits-App entwickeln, die die Art und Weise, wie Patienten und \u00c4rzte kommunizieren, revolutionieren wird. HealthifiCraft wird f\u00fcr Android- und iOS- Ger\u00e4te verf\u00fcgbar sein.<\/p>    \r\n             \r\n            <div class=\"stores-badge  wow perch-fadeInUp fadeInUp\" data-wow-delay=\"500ms\" data-wow-duration=\"1200ms\">\r\n                <a target=\"_blank\"  href=\"#\"  title=\"Appstore\"  class=\"img-btn default-hover store btn-type-light\"><span><img decoding=\"async\" src=\"https:\/\/jthemes.net\/themes\/wp\/nextapp\/landing\/files\/images\/store_badges\/appstore.png\" alt=\"Appstore\" class=\"store-btn\" width=\"160\"><\/span><\/a><a target=\"_blank\"  href=\"#\"  title=\"Googleplay\"  class=\"img-btn default-hover store btn-type-light\"><span><img decoding=\"async\" src=\"https:\/\/jthemes.net\/themes\/wp\/nextapp\/landing\/files\/images\/store_badges\/googleplay.png\" alt=\"Googleplay\" class=\"store-btn\" width=\"160\"><\/span><\/a>\r\n                <span class=\"os-version\">* Verf\u00fcgbar auf iPhone, iPad und allen Android-Ger\u00e4ten ab 5.5<\/span>\r\n            <\/div>      \r\n        <\/div>[\/vc_column][vc_column width=&#8221;1\/6&#8243;][\/vc_column][\/vc_row][\/vc_section][vc_section enable_inner=&#8221;yes&#8221; section_type=&#8221;contacts&#8221; contacts_type=&#8221;1&#8243; bg_class=&#8221;bg-lightgrey&#8221; parallax_image_attachment=&#8221;fixed&#8221; padding_class=&#8221;wide-100&#8243; inner_el_class=&#8221;bg-map&#8221;][vc_row][vc_column width=&#8221;1\/12&#8243;][\/vc_column][vc_column width=&#8221;5\/6&#8243;]\r\n        <div class=\"section-title text-center\">\r\n            <h3 class=\"h3-lg\">M\u00f6chten Sie Kontakt aufnehmen? Wir h\u00f6ren zu.<\/h3>\r\n            <p class=\"p-md\">Sie k\u00f6nnen uns kontaktieren, indem Sie das Kontaktformular ausf\u00fcllen oder uns eine E-Mail an info@healthificraft.com senden. Wir werden uns so schnell wie m\u00f6glich bei Ihnen melden.<\/p>         \r\n        <\/div>[\/vc_column][vc_column width=&#8221;1\/12&#8243;][\/vc_column][\/vc_row][vc_row][vc_column]<div class=\"wpforms-container wpforms-container-full\" id=\"wpforms-3212\"><form id=\"wpforms-form-3212\" class=\"wpforms-validate wpforms-form\" data-formid=\"3212\" method=\"post\" enctype=\"multipart\/form-data\" action=\"\/website\/wp-json\/wp\/v2\/pages\/3098\" data-token=\"6aedad2a4911f27686613b0d2834cd28\"><noscript class=\"wpforms-error-noscript\">Please enable JavaScript in your browser to complete this form.<\/noscript><div class=\"wpforms-field-container\"><div id=\"wpforms-3212-field_1-container\" class=\"wpforms-field wpforms-field-name\" data-field-id=\"1\"><label class=\"wpforms-field-label wpforms-label-hide\" for=\"wpforms-3212-field_1\">Name <span class=\"wpforms-required-label\">*<\/span><\/label><div class=\"wpforms-field-row wpforms-field-large\"><div class=\"wpforms-field-row-block wpforms-first wpforms-one-half\"><input type=\"text\" id=\"wpforms-3212-field_1\" class=\"wpforms-field-name-first wpforms-field-required\" name=\"wpforms[fields][1][first]\" placeholder=\"Vorname\" required><label for=\"wpforms-3212-field_1\" class=\"wpforms-field-sublabel after wpforms-sublabel-hide\">First<\/label><\/div><div class=\"wpforms-field-row-block wpforms-one-half\"><input type=\"text\" id=\"wpforms-3212-field_1-last\" class=\"wpforms-field-name-last wpforms-field-required\" name=\"wpforms[fields][1][last]\" placeholder=\"Nachname\" required><label for=\"wpforms-3212-field_1-last\" class=\"wpforms-field-sublabel after wpforms-sublabel-hide\">Last<\/label><\/div><\/div><\/div><div id=\"wpforms-3212-field_2-container\" class=\"wpforms-field wpforms-field-email\" data-field-id=\"2\"><label class=\"wpforms-field-label wpforms-label-hide\" for=\"wpforms-3212-field_2\">E-Mail <span class=\"wpforms-required-label\">*<\/span><\/label><input type=\"email\" id=\"wpforms-3212-field_2\" class=\"wpforms-field-large wpforms-field-required\" name=\"wpforms[fields][2]\" placeholder=\"E-Mail\" required><\/div><div id=\"wpforms-3212-field_3-container\" class=\"wpforms-field wpforms-field-phone\" data-field-id=\"3\"><label class=\"wpforms-field-label wpforms-label-hide\" for=\"wpforms-3212-field_3\">Telefon<\/label><input type=\"tel\" id=\"wpforms-3212-field_3\" class=\"wpforms-field-large wpforms-smart-phone-field\" data-rule-smart-phone-field=\"true\" name=\"wpforms[fields][3]\" placeholder=\"Telefon\" ><\/div><div id=\"wpforms-3212-field_4-container\" class=\"wpforms-field wpforms-field-textarea\" data-field-id=\"4\"><label class=\"wpforms-field-label wpforms-label-hide\" for=\"wpforms-3212-field_4\">Kommentar oder Nachricht<\/label><textarea id=\"wpforms-3212-field_4\" class=\"wpforms-field-small\" name=\"wpforms[fields][4]\" placeholder=\"Kommentar oder Nachricht\" ><\/textarea><\/div><\/div><div class=\"wpforms-submit-container\" ><input type=\"hidden\" name=\"wpforms[id]\" value=\"3212\"><input type=\"hidden\" name=\"wpforms[author]\" value=\"1\"><button type=\"submit\" name=\"wpforms[submit]\" class=\"wpforms-submit \" id=\"wpforms-submit-3212\" value=\"wpforms-submit\" aria-live=\"assertive\" data-alt-text=\"Sending...\" data-submit-text=\"Senden\">Senden<\/button><\/div><\/form><\/div>  <!-- .wpforms-container -->[\/vc_column][\/vc_row][\/vc_section]<\/p>\n<\/div>","protected":false},"excerpt":{"rendered":"<p>[vc_section section_type=&#8221;hero&#8221; hero_type=&#8221;9&#8243; parallax_image_attachment=&#8221;scroll&#8221; padding_bottom=&#8221;pb-0&#8243; padding_class=&#8221;&#8221; margin_bottom=&#8221;mb-100&#8243;][vc_row][vc_column width=&#8221;5\/12&#8243;][\/vc_column][vc_column width=&#8221;1\/12&#8243;][\/vc_column][vc_column width=&#8221;1\/2&#8243;][\/vc_column][\/vc_row][\/vc_section][vc_section parallax_image_attachment=&#8221;inherit&#8221; margin_top=&#8221;mt-0&#8243;][vc_row][vc_column width=&#8221;1\/12&#8243;][\/vc_column][vc_column width=&#8221;7\/12&#8243;][vc_custom_heading text=&#8221;ArtifiCraft GmbH&#8221; font_container=&#8221;tag:h3|text_align:justify|color:black-color&#8221;][vc_column_text]Die ArtifiCraft GmbH wurde als IT- und Softwareunternehmen in M\u00fcnchen gegr\u00fcndet. Unser Gesch\u00e4ftsmodell basiert auf der Bereitstellung von Softwareprodukten, die mithilfe neuer Technologien die&#8230;<\/p>\n","protected":false},"author":1,"featured_media":0,"parent":0,"menu_order":0,"comment_status":"closed","ping_status":"closed","template":"","meta":{"_monsterinsights_skip_tracking":false,"_monsterinsights_sitenote_active":false,"_monsterinsights_sitenote_note":"","_monsterinsights_sitenote_category":0,"footnotes":""},"aioseo_notices":[],"post_mailing_queue_ids":[],"_links":{"self":[{"href":"https:\/\/healthificraft.com\/website\/wp-json\/wp\/v2\/pages\/3098"}],"collection":[{"href":"https:\/\/healthificraft.com\/website\/wp-json\/wp\/v2\/pages"}],"about":[{"href":"https:\/\/healthificraft.com\/website\/wp-json\/wp\/v2\/types\/page"}],"author":[{"embeddable":true,"href":"https:\/\/healthificraft.com\/website\/wp-json\/wp\/v2\/users\/1"}],"replies":[{"embeddable":true,"href":"https:\/\/healthificraft.com\/website\/wp-json\/wp\/v2\/comments?post=3098"}],"version-history":[{"count":0,"href":"https:\/\/healthificraft.com\/website\/wp-json\/wp\/v2\/pages\/3098\/revisions"}],"wp:attachment":[{"href":"https:\/\/healthificraft.com\/website\/wp-json\/wp\/v2\/media?parent=3098"}],"curies":[{"name":"wp","href":"https:\/\/api.w.org\/{rel}","templated":true}]}}